{"id":104,"date":"2023-06-28T06:32:51","date_gmt":"2023-06-28T06:32:51","guid":{"rendered":"https:\/\/misovladetic.com\/?page_id=104"},"modified":"2023-07-08T06:37:50","modified_gmt":"2023-07-08T06:37:50","slug":"o-sebi","status":"publish","type":"page","link":"https:\/\/misovladetic.com\/index.php\/o-sebi\/","title":{"rendered":"O sebi"},"content":{"rendered":"<div class=\"wpb-content-wrapper\">[vc_row][vc_column][vc_column_text]<img loading=\"lazy\" decoding=\"async\" class=\"size-medium wp-image-100 alignleft\" src=\"https:\/\/misovladetic.com\/wp-content\/uploads\/2023\/06\/Portret-300x266.jpg\" alt=\"\" width=\"300\" height=\"266\" srcset=\"https:\/\/misovladetic.com\/wp-content\/uploads\/2023\/06\/Portret-300x266.jpg 300w, https:\/\/misovladetic.com\/wp-content\/uploads\/2023\/06\/Portret.jpg 470w\" sizes=\"auto, (max-width: 300px) 100vw, 300px\" \/><\/p>\n<h3>O SEBI!<\/h3>\n<p>Dakle o sebi sve najljep\u0161e,<\/p>\n<p>Dakle ro\u0111en sam kao vrlo mali, u malom Njema\u010dkom gradu Mosbachu u blizini velikog \u0160tuttgarta. Sa ve\u0107 dva mj. dovoljno oja\u010dan roditelji Savo i Soka iz prakti\u010dnih razloga prebacuju me babi Bosiljki na \u010duvanje i tako na moju sre\u0107u, namam nikakvu svijest o Njema\u010dkoj.<\/p>\n<p>Najva\u017enija stvar u svemu je \u0161to mi je detinjstvo bilo sedamdesete, a mladost osamdesete.<\/p>\n<p>U \u0161koli sam bio vrlo lo\u0161 \u0111ak uvijek me\u0111u najgorima, 5-6 jedinica uvijek. Majka se sramotila na roditeljskom. Uop\u0161te mi sad nije jasno, kako sam tad uop\u0161te prolazio kroz razrede?<\/p>\n<p>Poslije pada i neuspjeha u srednjoj \u0161koli, pojavljuje se zanatsko usmereni pravac, tako ne\u0161to, to je bilo odli\u010dno za lo\u0161e \u0111ake koji su sa druge strane imali dar za zanate &#8220;handy man&#8221; \u0161to sam ja. To izu\u010davam za bravara i zavr\u0161avam sa odli\u010dnim uspjehom, ali ne zato \u0161to sam imao odli\u010dne ocijene iz predmeta, ve\u0107 \u0161to sam na prakti\u010dnom nivou bio prakti\u010dan i neosporan.<\/p>\n<p>90-te odlazim u Njema\u010dku na crno da zaradim neku paru da sebi u ku\u0107i sredim potkrovlje ku\u0107e TRNAVA 51 Z.P. MEDARI, OP\u0160TINA NOVA GRADI\u0160KA.<\/p>\n<p>U Njema\u010dkoj ja i Zlata \u017eivimo zajedno, dobivamo sina Igora &#8217;91, pa k\u0107er Ninu &#8217;93. ostajemo u Njema\u010dkoj nepunih 8 god. Nikada se vi\u0161e nismo vratili ku\u0107i i nikada nisam sredio potkrovlje. Onda su nas izbacili u Kanadu u kojoj smo od &#8217;98. do danas 2021.<\/p>\n<p>U Njema\u010dkoj je bio ljep \u017eivot, ali nije to bilo ispunjavaju\u0107e. To je samo bila nu\u017ena zamjenica.<\/p>\n<p>U Kanadi je bio pravi \u0161ok: (\u0161ta je ovo sunce ti jebem) (MRTAV LADAN). I eto tako malo po malo svijet postade globalno selo, do\u0111e i ova lakrdija sa koronom i samo ti jedno preostaje. Da oko sebe stvori\u0161 svoj mali svijet i svoj mali krug prijatelja oko sebe, ako su normalni i ako \u0107e da polude zajedno s tobom.<\/p>\n<p>&nbsp;<\/p>\n<p style=\"text-align: right;\">M. Vladeti\u0107, Juli 2021.<\/p>\n[\/vc_column_text][\/vc_column][\/vc_row]\n<\/div>","protected":false},"excerpt":{"rendered":"<p>[vc_row][vc_column][vc_column_text] O SEBI! Dakle o sebi sve najljep\u0161e, Dakle ro\u0111en sam kao vrlo mali, u malom Njema\u010dkom gradu Mosbachu u blizini velikog \u0160tuttgarta. Sa ve\u0107 dva mj. dovoljno oja\u010dan roditelji Savo i Soka iz prakti\u010dnih razloga prebacuju me babi Bosiljki na \u010duvanje i tako na moju sre\u0107u, namam nikakvu svijest o Njema\u010dkoj. Najva\u017enija stvar u [&hellip;]<\/p>\n","protected":false},"author":1,"featured_media":0,"parent":0,"menu_order":0,"comment_status":"closed","ping_status":"closed","template":"","meta":{"footnotes":""},"class_list":["post-104","page","type-page","status-publish","hentry"],"_links":{"self":[{"href":"https:\/\/misovladetic.com\/index.php\/wp-json\/wp\/v2\/pages\/104","targetHints":{"allow":["GET"]}}],"collection":[{"href":"https:\/\/misovladetic.com\/index.php\/wp-json\/wp\/v2\/pages"}],"about":[{"href":"https:\/\/misovladetic.com\/index.php\/wp-json\/wp\/v2\/types\/page"}],"author":[{"embeddable":true,"href":"https:\/\/misovladetic.com\/index.php\/wp-json\/wp\/v2\/users\/1"}],"replies":[{"embeddable":true,"href":"https:\/\/misovladetic.com\/index.php\/wp-json\/wp\/v2\/comments?post=104"}],"version-history":[{"count":8,"href":"https:\/\/misovladetic.com\/index.php\/wp-json\/wp\/v2\/pages\/104\/revisions"}],"predecessor-version":[{"id":136,"href":"https:\/\/misovladetic.com\/index.php\/wp-json\/wp\/v2\/pages\/104\/revisions\/136"}],"wp:attachment":[{"href":"https:\/\/misovladetic.com\/index.php\/wp-json\/wp\/v2\/media?parent=104"}],"curies":[{"name":"wp","href":"https:\/\/api.w.org\/{rel}","templated":true}]}}